0*c - 3*c + 2*r = -60. What is the units digit of c?
2
Let f be (0 - -2) + -6 + 6 + 1346. Suppose 3*u + j = 2037, -6*u + 8*u - f = -4*j. What is the hundreds digit of u?
6
Let y(m) = m + m**2 + 14 - m**3 + 5*m**2 + m**2 + 3. Let v(u) = -u**2 - 4*u + 12. Let b be v(-5). What is the tens digit of y(b)?
2
Suppose 5*j - 2*h - 183 = 26, -2*j + 5*h = -92. Suppose 2*t = 3*t + j. Let u = 60 + t. What is the tens digit of u?
1
What is the tens digit of 43274/8 + -5*(-133)/380?
1
Let i be (-8)/14 - (-1224)/(-14). Let w be (564/(-10))/(i/20 + 4). Suppose -4*r + r + w = 3*a, -4*r = -a - 163. What is the units digit of r?
2
Suppose 4*j = -5*b + 50706, -j - b + 2296 + 10379 = 0. What is the tens digit of j?
6
Suppose a - 18 = -16. Suppose a*x + 5*o = 1761, 144 = -3*x - 4*o + 2775. What is the hundreds digit of x?
8
Let a(b) = -10*b - 23 - 8 + 8. What is the units digit of a(-5)?
7
Suppose -o + 0*o + 5 = 0, 5*r = 2*o + 10. Suppose 133 = 3*q - 2*m - 328, r*m - 628 = -4*q. What is the units digit of q?
5
Suppose -5*x + 1086 = 2*o - 1859, 5303 = 9*x + 4*o. What is the units digit of x?
7
Let n(i) = -i**2 - 35*i - 66. Let p be n(-33). Suppose p = 5*w - 4*c - 397, -3*c - 171 - 146 = -4*w. What is the tens digit of w?
7
What is the thousands digit of (4 - 20 - 45149)/(-1)?
5
Suppose s - g = 27254, -2*s + 23458 = 2*g - 31030. What is the hundreds digit of s?
2
Let k(p) = 3*p**3 + 123*p**2 + 21*p + 191. What is the thousands digit of k(-37)?
5
Suppose -18*l + 731 = 2747. Suppose -3*s - 36 - 72 = 0. Let r = s - l. What is the units digit of r?
6
Let z = 7 + 73. Let g be (9/6)/(2*4/z). What is the units digit of (-282)/(-15) - (-1 + 12/g)?
9
Suppose 0 = -v + 5*r + 56, 0 = 4*v - 4*r - 94 - 50. What is the tens digit of v?
3
Let y(b) = 120*b + 3531. What is the units digit of y(6)?
1
What is the tens digit of (-1463)/(11*(-5)/880)?
0
What is the hundreds digit of (1272*(-396)/(-270))/(9/180)?
3
Suppose 797*b + 1416 = 800*b. Let v = b + 154. What is the tens digit of v?
2
Let n be -2 - -5 - (6 - (-1 - -6)). Suppose 0 = n*y - 6*y + 984. What is the tens digit of y?
4
Suppose 94 = 2*j - 130. Suppose -j = 11*g - 728. What is the units digit of g?
6
Let a(n) = 37*n - 37. Let d be a(11). What is the hundreds digit of (1 + -23)*(-6)/(60/d)?
8
Let q = -17069 + 25059. What is the tens digit of q?
9
Let d = 28532 - 19497. What is the units digit of d?
5
Suppose 0*a = 5*a - 4*u - 260, -a + 4*u = -68. Suppose 17*t + a = 20*t. Suppose -9*y = -t*y + 861. What is the tens digit of y?
2
Let a(m) = -m**3 - 2*m**2 + 3*m + 6. Let b be a(-2). Let s(v) = 3*v**2 - v - 6. Let x be s(b). Let j(i) = -11*i - 42. What is the units digit of j(x)?
4
Let o(u) = 0 + 21 + 21*u + 3*u + u + 2*u**2. What is the units digit of o(-12)?
9
Let m(r) = 3*r**2 - 73*r + 20. Let d be m(24). What is the units digit of (d - -2 - -1) + -26 + 1011?
4
Let l(n) = -6*n**3 - 7*n**2 + 23*n - 9. Let j(c) = 2*c**3 + 2*c**2 - 8*c + 3. Let y(k) = -7*j(k) - 2*l(k). What is the tens digit of y(-4)?
8
Let g(s) = -2. Let u(i) = -20*i - 50. Let a(c) = 30*g(c) - u(c). Let x = 11 + -7. What is the tens digit of a(x)?
7
Suppose -1954 + 206 = -19*m. Let f be (-2)/(1/2*-1). Suppose -282 + m = -f*z - r, -2 = r. What is the tens digit of z?
4
Suppose -165552 = -72*j + 36732 + 304164. What is the tens digit of j?
3
Let j(t) = 936*t**2 - 215*t - 1293. What is the thousands digit of j(-6)?
3
Let l = 101 + -164. Let d = l + 63. Suppose -8*w + 117 + 283 = d. What is the tens digit of w?
5
What is the thousands digit of (7/(-98)*7)/((-3)/86628)?
4
Suppose 0 = 2*p - 4*z - 14700, 5*p + 1251*z - 36848 = 1247*z. What is the tens digit of p?
6
Suppose 13 = -15*f - 62. What is the tens digit of (f + -553)/((-3)/2)?
7
Let t be (240/(-32))/(2/12). Let a = 21 + t. What is the tens digit of (11/((-220)/a))/(6/860)?
7
Let y(j) = 3699*j**2 - 167*j - 166. What is the hundreds digit of y(-1)?
7
Let v(x) = -x**3 - 7*x**2 - 3*x + 8. Let j be v(-6). Let r(p) = -8*p + 18. Let t be r(j). Suppose 0 = 2*u - 32 - t. What is the units digit of u?
5
Suppose -w = -2*y - 202, 0 = -0*y + 3*y - 9. Let h = w - -315. What is the hundreds digit of h?
5
Suppose 2*o - 1 = c + 3, 2*o = 3*c. Suppose o*n - 64 = 2*n. Suppose -2*j - 320 = -5*d + 3*j, d - n = -j. What is the units digit of d?
4
Let u(j) = -j**3 + 8*j**2 - 9*j + 33. Let o be u(7). Suppose -14*a + o*a = 10, 0 = -4*f + 5*a + 850. What is the tens digit of f?
1
Suppose 29548 + 6319 = 3*x + y, 3*x = -4*y + 35864. What is the tens digit of x?
5
Suppose -441 = -167*n + 168*n. Let t = -232 - n. What is the tens digit of t?
0
Suppose -74528 = -82*b + 66*b. What is the tens digit of b?
5
Let s = -3125 - -16162. What is the hundreds digit of s?
0
Let q be (-8)/((24/(-18))/(2/(-3))). What is the units digit of 129 - (0 + 9 + q)?
4
Suppose -26*i - 8629 = -28*i - 3*p, -4*i - 5*p + 17253 = 0. What is the tens digit of i?
0
Suppose -5*s + 29 = 2*b - 52, 3*b - 3*s - 69 = 0. Let i = -147 - -138. Let m = b - i. What is the tens digit of m?
3
Suppose -5*l + 16*l - 55 = 0. Let c(q) = 6*q**2 + 0*q**2 + 7*q + 0*q**3 - q**3 - 16. What is the units digit of c(l)?
4
Let i(t) = 281*t - 609. What is the units digit of i(52)?
3
Suppose 6*y - 216 = 78. Suppose -4*j = -107 - y. Suppose -w - 12 = -j. What is the tens digit of w?
2
Let a be 3 - (3 - 4)*(2 + -3). What is the hundreds digit of 19557/265*(-2 + a - -5)?
3
Suppose j + m = -4 + 7, 0 = -3*j + 2*m - 11. Let o(s) be the third derivative of 23*s**5/6 + s**4/8 + s**3/3 - s**2 - 49. What is the tens digit of o(j)?
2
Suppose -31*m = -2*m - 551. Suppose -16921 = -m*v + 12225. What is the tens digit of v?
3
Let s be (-297)/(-66) - 3/(6 - 0). Suppose -32*r + 6104 = -s*r. What is the units digit of r?
8
Let v(g) = -15*g - 44. Suppose -4*p + 5*b = 79, 5*p + 8 = -4*b - 60. What is the units digit of v(p)?
6
Let o be (-612)/(-8)*(-2 + -1 - -1). Let m = o + 520. What is the units digit of m?
7
Suppose 5*h - 3*n - 104317 = -43205, -5*n = -5. What is the tens digit of h?
2
Suppose -29*f = -h - 28*f + 41822, -3*h + 125458 = 5*f. What is the hundreds digit of h?
8
Let g(p) = 254*p**2 + 8*p - 23. Let v be g(-4). Let k = v + -2599. What is the thousands digit of k?
1
Suppose 6 - 2 = 4*o, -t - 2 = -5*o. Let x = 205 + -123. Let b = x + t. What is the tens digit of b?
8
Let t = -15390 + 21699. What is the units digit of t?
9
Let g be 40*4*(-10)/(-5). Suppose 0 = 16*y - 11*y - g. Let l = y - -102. What is the hundreds digit of l?
1
Let y(s) = 102*s**2 + 85*s + 4. What is the hundreds digit of y(-6)?
1
Suppose 3*t - 45 = 9. Suppose t - 24 = -3*k. Suppose -3*w - 6 = 0, -k*w = -n - 0*n + 204. What is the units digit of n?
0
Let w(a) = a**2 + 55*a + 1762. What is the tens digit of w(-56)?
1
Let h(t) = 4*t**2 + 34*t + 25. Let b be 31/(-6) - 17/(-102). Let z(k) = -3*k**2 - 23*k - 17. Let c(l) = b*h(l) - 7*z(l). What is the tens digit of c(-6)?
8
Let g(w) = 11*w**2 + 17*w - 18. Let x be g(-12). Let k = x + -716. What is the units digit of k?
6
Let l be (-1 - (4 - 0))*12/15. Let u = l + 9. Suppose -338 = -u*x + 47. What is the units digit of x?
7
Let k(z) = 0*z - 9 + 0*z - 8*z + 17*z. Let m be k(9). Suppose 6*u - 7*u + m = 0. What is the tens digit of u?
7
Let i(n) be the second derivative of n**3/6 - 2*n**2 - 6*n. Let a be i(4). Suppose 3*g = 4*g - 2*z - 64, -3*g - 5*z + 214 = a. What is the tens digit of g?
6
Let w be (5/2)/(6/612). Suppose 0 = -5*q - 0*q - w. Let b = q - -68. What is the tens digit of b?
1
Let o = 473 - 234. Suppose 2*x - o = 103. What is the units digit of x?
1
Suppose 5*l - 2 - 23 = 0. Suppose o - 513 = -4*b, l*b - 637 = -0*o + 3*o. What is the units digit of b?
8
Let g(y) = 5*y**3 - 24*y**2 - 20*y + 345. What is the units digit of g(17)?
4
Let x(i) = -71*i**3 + i**2 - 1. Let j be x(1). Let s = j + 76. Suppose -5*p = -3*f - 1042, -s*f - 909 - 141 = -5*p. What is the hundreds digit of p?
2
Let l = -4 + -86. Let c = l - -92. What is the hundreds digit of -94*((-12)/3)/c?
1
What is the tens digit of (-3596)/(-93)*7/((-112)/(-156))?
7
Suppose 56*b - 89*b + 2970 = 0. Let l(o) = -o + 85. Let u be l(0). Suppose -s + v + 3 + b = 0, s + 3*v - u = 0. What is the units digit of s?
1
Suppose 7*l = -3*l - 9*l. Suppose -3*b + u + 3468 + 841 = 0, -2*b - 3*u + 2869 = l. What is the units digit of b?
6
Let m 